 are the prime factors of o?
2
Suppose 3*x - 550 = 239. List the prime factors of x.
263
Suppose 3*j = -b + 73, -4*b - 4*j + 2*j = -242. What are the prime factors of b?
2, 29
Suppose 3*s - 4*s + 6 = -a, 3*a - 18 = -3*s. Suppose -s*d + 3*p + 140 = -d, d - 6 = 5*p. List the prime factors of d.
31
Let f = 28 - 1. What are the prime factors of f?
3
Let l = 37 - -50. Let b = l - 39. What are the prime factors of b?
2, 3
Let o = 4 - 0. Suppose 2*n = 2*f + 45 + 5, 0 = o*n + 2*f - 70. List the prime factors of n.
2, 5
Suppose 3*w + 3*w = 0. Let c(d) = -d**3 + d**2 + 2*d + 18. List the prime factors of c(w).
2, 3
Suppose -g + 120 + 138 = 0. What are the prime factors of g?
2, 3, 43
Suppose -28*b + 2175 = -23*b. List the prime factors of b.
3, 5, 29
Let z be (-126)/(-33) + 2/11. Suppose -99 = -z*o + 33. What are the prime factors of o?
3, 11
Let j(z) = 10*z + 41. List the prime factors of j(14).
181
What are the prime factors of (-2)/(-8) - (-86)/8?
11
What are the prime factors of (108/16)/(6/32)?
2, 3
Let o(l) = 2*l**2 - l - 1. Let q be o(2). Suppose 2*w + 92 = q*y, 0*y = 4*y - 4*w - 76. What are the prime factors of y?
2, 3
Suppose 3*r + 5*c - 317 = 0, -5*r + 2*c - 255 = -742. List the prime factors of r.
3, 11
Let r be 0*(-3)/18*-3. Let t = 3 - r. What are the prime factors of t?
3
Let v(n) = n**2 + 8*n + 3. What are the prime factors of v(-9)?
2, 3
Let y(i) = -i + 5. Let p be y(7). Let u(w) = -6*w**3 - 3*w**2 - 2*w. Let j be u(p). Suppose 5*m - 4*g + g = 49, 0 = -4*m + 2*g + j. List the prime factors of m.
11
Let c(a) = -a**3 - 6*a**2 - 6*a + 7. Let h(b) = -3*b + 1. Let w be h(2). What are the prime factors of c(w)?
2, 3
Suppose -8 = -0*u - 5*u - 4*d, -3 = d. Suppose -m + u*n = 1 + 14, 4*m + 5*n - 24 = 0. Suppose c - m = 4. List the prime factors of c.
5
Let b = 5 - 5. Suppose 9*z - 4*z + 10 = b. Let d = 18 - z. What are the prime factors of d?
2, 5
Let i(g) = -g**2 + g + 33. What are the prime factors of i(0)?
3, 11
Suppose -5*x = -2*x - 39. What are the prime factors of x?
13
Let y = -10 - -12. Let u = y - -16. List the prime factors of u.
2, 3
List the prime factors of (-7)/((-28)/(-16)) + 63.
59
Let s(p) = 0 + 4*p - 3 - p. Suppose 6*x - 12 = 2*x. What are the prime factors of s(x)?
2, 3
Suppose -l + 96 = 3*d - 7*d, 0 = 5*l - 2*d - 408. List the prime factors of l.
2, 5
Suppose 2*t - 6*t = -2*q - 50, -t = -5. What are the prime factors of (0 - -1)*(20 + q)?
5
Let j = 6 + -2. Suppose 2*n + 0*h = 4*h - 2, -3*n + 1 = -j*h. What are the prime factors of (24/20)/(n/20)?
2
Let d = -14 + 21. List the prime factors of -4 + d + 53 + -2.
2, 3
Let u(r) = 30*r - 5. List the prime factors of u(2).
5, 11
Let y = -2 + 19. What are the prime factors of y?
17
Let g(b) = -b + 4. Let x be g(4). Let j(o) = 2*o + x*o - 3*o + 7*o**2. What are the prime factors of j(1)?
2, 3
Let c = 0 + -4. Let p be c/14 - 24/14. List the prime factors of (-3)/p*(3 - 1).
3
Suppose 42 = -3*b + 5*b. List the prime factors of b.
3, 7
Let s(t) = 2*t. Let m be s(4). Suppose -3*r + 184 = 4. Suppose -3*l = -m*l + r. What are the prime factors of l?
2, 3
Let a be 1/(1 + (-6)/4). List the prime factors of a/(0 - (-2)/(-29)).
29
Let p(m) = 11*m - 2. What are the prime factors of p(3)?
31
Suppose 5*q = -6*j + j - 80, -3*q = -3*j - 72. List the prime factors of ((-6)/2)/(3/j).
2, 5
List the prime factors of 40/(-32) - 255/(-12).
2, 5
Suppose 28 = -3*f - 2*i, -2*i - 2 = -f + 2. What are the prime factors of (32/12)/((-4)/f)?
2
Let m be 2/(-4)*0 + -8. Let o be 36/m*(-4)/6. Suppose -30 = -4*j + 2*x, -o*x = -3*j - 0*x + 15. What are the prime factors of j?
2, 5
Let m(n) = n**2 - 3*n - 4. Let x be m(4). Suppose x*z + 48 = 3*z. Suppose l - z = -1. List the prime factors of l.
3, 5
Suppose -5*n = -3*p + 190, p - 2*p + 62 = -n. List the prime factors of p.
2, 3, 5
Let y(z) = 9*z**3 - 3*z**2 + z - 2. Let v be y(2). Suppose -4*w + v = w. Let d = 21 - w. List the prime factors of d.
3
Suppose 5*f - 5*i = 90, -4*i = -2*f + 24 + 16. Suppose -f = 2*d - 3*d. What are the prime factors of d?
2
Let t = -3 + 17. Suppose -x + 19 = h, 3*x = -2*h + t + 46. List the prime factors of x.
2, 11
Let o(s) be the second derivative of -s**6/120 + s**5/30 + s**4/6 - s**3/6 - s**2 + s. Let k(u) be the first derivative of o(u). List the prime factors of k(3).
2
Let z = -243 + 492. What are the prime factors of z?
3, 83
Let u(i) = -i**3 + 8*i**2 - 9*i + 4. Let w be u(7). Let g = -20 - w. Let c = g + 16. What are the prime factors of c?
2, 3
Let c = 98 + -37. Let d = -35 + c. Let v = -16 + d. What are the prime factors of v?
2, 5
Suppose -5*z - 5*i + 255 = 0, -15*i - 174 = -4*z - 13*i. What are the prime factors of z?
2, 23
Let u = -4 - -6. Suppose 2*t - 9 - 3 = 0. Suppose -u*n = -t*n + 36. What are the prime factors of n?
3
Let w(j) = -j**3 + 5*j**2 - 2*j + 5. Let l be w(5). Let s(c) = c**3 + 6*c**2 + 5*c + 6. Let u be s(l). Suppose 3*b - 15 = u. What are the prime factors of b?
7
Let i = -8 - -6. What are the prime factors of (-1 + -3)*(0 + i)?
2
Let v(l) be the third derivative of l**5/20 - 5*l**4/24 + l**3/3 + l**2. List the prime factors of v(3).
2, 7
Let g(o) = -408*o + 32. Let a(r) = 37*r - 3. Let c(v) = 32*a(v) + 3*g(v). Let b be c(-1). Suppose 4*m - b = 36. What are the prime factors of m?
19
Let u = -15 + 36. Suppose 0 = -2*d - 16 + 42. Let r = u - d. What are the prime factors of r?
2
Let q(l) = 6*l**2 + 10*l - 16. List the prime factors of q(-8).
2, 3
Suppose 4*x - 123 = -3*t + 2*x, 63 = 2*t - 5*x. Suppose t + 15 = 3*k. What are the prime factors of k?
2, 3
Let t(r) = 5*r**3 - r**2 + r + 4. List the prime factors of t(2).
2, 3, 7
Let h = -19 + 44. List the prime factors of h.
5
Let t = -8 + 6. Let g be ((-63)/(-6))/(9/(-60)). What are the prime factors of t/3 + g/(-6)?
11
Let s(r) = -r**3 - 6*r**2 + 3*r - 4. Suppose 0 = -4*c - 28. List the prime factors of s(c).
2, 3
Let l be 9/2 + (-1)/2. Suppose -l*h - 5*v + 85 = -158, -4*v - 273 = -5*h. Suppose -34 = -2*b + g, -h = -4*b + b + 3*g. List the prime factors of b.
3, 5
Let f = 109 - -21. Suppose -5*b + f = 5*m, -b - 4*b + 3*m = -98. What are the prime factors of b?
2, 11
Suppose -10*r = -5*r. What are the prime factors of 1/(r - 4/(-68))?
17
Let p(g) = -4*g**3 + 2*g**2 - 2*g + 1. Let d be p(1). Let r(z) = z**2 - z + 4. List the prime factors of r(d).
2
Let i be (-1 - 0) + (-32)/4. Let b = -7 - i. Suppose -5*z + 23 = b*g - 2, 3*g + 2*z = 43. What are the prime factors of g?
3, 5
Suppose -3*g - 5*d + 64 = -66, 4*g - 155 = -3*d. List the prime factors of g.
5, 7
Suppose 40 = 2*s + 2*s. Suppose 4*j = -j + s. Suppose 4*g - 45 = -3*k, -g + 38 = j*g - 2*k. What are the prime factors of g?
2, 3
List the prime factors of (-151)/(-9) - (-7)/(252/8).
17
List the prime factors of 110 + 1 - (-1 + 0).
2, 7
Suppose -9 = v - 10. Let y(z) = 3 + 2 - 4 + 9*z. List the prime factors of y(v).
2, 5
Let c(b) = b**2 + 6*b - 2. Let k be c(-7). Let n = 69 - -17. Suppose k*t - n = -26. List the prime factors of t.
2, 3
Let k(d) = d + 11. Let s be k(-6). Suppose -3*z - 3*n = 2*n + 2, -3*z + s*n + 38 = 0. What are the prime factors of z?
2, 3
Suppose -4*a + 139 = -57. Suppose 0 = -3*c + a + 2. Suppose c + 31 = 4*l. What are the prime factors of l?
2, 3
Suppose 3*h - 9 = -0. What are the prime factors of 10*h/4*2?
3, 5
What are the prime factors of (8/(-12))/(1/(-66))?
2, 11
Let f = -9 - -12. Suppose -f*a = -1 - 8, -3*a - 75 = -3*p. List the prime factors of p.
2, 7
Let g(s) = s**2 + 4*s + 18. List the prime factors of g(10).
2, 79
What are the prime factors of (-750)/(-18) - 2/(-6)?
2, 3, 7
Let y be ((-52)/(-8))/((-2)/(-4)). Let j = y - 9. List the prime factors of j.
2
Let n = -32 + 73. What are the prime factors of n?
41
Let p = -23 - -21. What are the prime factors of 2/p*(-38)/2?
19
Let v(u) be the second derivative of 2*u**3/3 - 3*u**2/2 - 2*u. List the prime factors of v(5).
17
Let b(h) = -h**3 + h**2 + 3. Let a be b(0). Suppose 3*x - 3 - a = 0. What are the prime factors of x?
2
Let b = 48 - 8. What are the prime factors of b?
2, 5
Let a be (3/(-9))/((-5)/255). Let x = 31 - a. List the prime factors of x.
2, 7
Let r be 88/(-20) + (-4)/(-10). Let u(h) be the first derivative of -3*h**2/2 + 1. List the prime factors of u(r).
2, 3
Suppose 0 = -3*d - 3*d - 108. What are the prime factors o